409297?
False
Is 5 a factor of 8075887?
False
Does 186 divide 1875167?
False
Is 108688 a multiple of 4?
True
Is 2334038 a multiple of 293?
True
Does 34 divide 6369074?
False
Does 8 divide 4599558?
False
Is 526491 a multiple of 55?
False
Is 983 a factor of 3847338?
False
Is 1233415 a multiple of 44?
False
Does 9 divide 67632?
False
Does 30 divide 1586220?
True
Does 372 divide 96720?
True
Is 237327 a multiple of 239?
True
Is 50796 a multiple of 51?
True
Is 83 a factor of 491361?
False
Is 7 a factor of 84677?
False
Is 4313949 a multiple of 85?
False
Does 4 divide 51188?
True
Is 115931 a multiple of 41?
False
Does 49 divide 34314?
False
Is 2466799 a multiple of 322?
False
Does 16 divide 220833?
False
Is 5355984 a multiple of 241?
True
Is 2486370 a multiple of 67?
True
Is 12 a factor of 702413?
False
Is 445 a factor of 4444325?
False
Is 5324122 a multiple of 197?
True
Is 416818 a multiple of 32?
False
Does 289 divide 426409?
False
Is 12 a factor of 101049?
False
Is 4 a factor of 10360?
True
Is 2554272 a multiple of 126?
True
Is 579182 a multiple of 290?
False
Is 340291 a multiple of 28?
False
Is 3 a factor of 60199?
False
Does 6 divide 220638?
True
Is 541225 a multiple of 7?
False
Does 8 divide 1295897?
False
Is 3854336 a multiple of 256?
True
Does 993 divide 7561695?
True
Is 46 a factor of 62422?
True
Does 13 divide 1523699?
False
Does 13 divide 26845?
True
Is 730431 a multiple of 23?
False
Is 15795 a multiple of 198?
False
Is 30 a factor of 428077?
False
Does 18 divide 214956?
True
Does 162 divide 32186?
False
Is 74 a factor of 1008694?
True
Is 34 a factor of 2041919?
False
Is 20 a factor of 775160?
True
Is 16 a factor of 1265328?
True
Is 849660 a multiple of 14?
True
Does 28 divide 385588?
True
Is 37 a factor of 70152?
True
Is 57 a factor of 3048486?
False
Is 6888089 a multiple of 353?
True
Is 114 a factor of 1643?
False
Is 212073 a multiple of 174?
False
Is 16710664 a multiple of 90?
False
Is 1660 a factor of 12883260?
True
Does 16 divide 130624?
True
Is 13 a factor of 779901?
False
Does 8 divide 28808?
True
Does 18 divide 4452660?
True
Is 11620 a multiple of 166?
True
Does 281 divide 422062?
True
Does 15 divide 39026?
False
Does 280 divide 10982745?
False
Is 196 a factor of 638568?
True
Is 33 a factor of 1595231?
False
Is 138 a factor of 74987?
False
Is 57 a factor of 43719?
True
Is 192153 a multiple of 7?
False
Is 41699 a multiple of 23?
True
Does 43 divide 1117778?
False
Does 80 divide 240960?
True
Is 16 a factor of 1652320?
True
Is 5641184 a multiple of 179?
False
Is 20 a factor of 254400?
True
Is 228 a factor of 480478?
False
Is 39 a factor of 5739075?
False
Does 35 divide 2611280?
True
Does 17 divide 76313?
True
Is 3294211 a multiple of 82?
False
Is 124432 a multiple of 616?
True
Is 2820015 a multiple of 243?
True
Does 704 divide 604946?
False
Is 17 a factor of 3573190?
False
Does 4 divide 9977?
False
Does 16 divide 413520?
True
Is 4005872 a multiple of 16?
True
Is 314681 a multiple of 9?
False
Is 3130185 a multiple of 345?
True
Is 116580 a multiple of 5?
True
Is 435877 a multiple of 13?
True
Does 8 divide 71635?
False
Does 126 divide 54941?
False
Is 17 a factor of 145129?
True
Does 11 divide 21054?
True
Is 8 a factor of 213940?
False
Does 374 divide 182138?
True
Does 25 divide 21980?
False
Is 4634357 a multiple of 396?
False
Is 320071 a multiple of 10?
False
Is 22 a factor of 56540?
True
Is 15 a factor of 165333?
False
Is 277965 a multiple of 71?
True
Does 93 divide 2493330?
True
Is 347391 a multiple of 11?
True
Does 12 divide 21847?
False
Does 33 divide 797043?
False
Does 3 divide 28839?
True
Is 1934973 a multiple of 91?
False
Does 569 divide 681662?
True
Does 260 divide 371167?
False
Is 2922906 a multiple of 21?
True
Is 770700 a multiple of 350?
True
Does 59 divide 922229?
True
Is 1823140 a multiple of 20?
True
Does 16 divide 3054198?
False
Is 61 a factor of 34221?
True
Does 3 divide 33432?
True
Does 196 divide 3997021?
False
Is 26 a factor of 1312432?
False
Is 30 a factor of 1632270?
True
Is 427 a factor of 837174?
False
Is 645 a factor of 312180?
True
Does 5 divide 81450?
True
Is 211 a factor of 821591?
False
Does 15 divide 2409842?
False
Does 30 divide 151974?
False
Is 378521 a multiple of 150?
False
Does 85 divide 251940?
True
Is 25178 a multiple of 40?
False
Is 3 a factor of 56912?
False
Is 20 a factor of 2790080?
True
Does 96 divide 119266?
False
Is 722675 a multiple of 685?
True
Is 798144 a multiple of 64?
True
Is 2894524 a multiple of 589?
False
Is 10 a factor of 1467760?
True
Does 207 divide 4487674?
False
Does 256 divide 940938?
False
Is 95064 a multiple of 102?
True
Is 19 a factor of 2627327?
False
Is 31 a factor of 1779747?
False
Is 73 a factor of 6891419?
True
Does 81 divide 68074?
False
Does 12 divide 402168?
True
Is 10235 a multiple of 16?
False
Is 3576636 a multiple of 332?
True
Is 133 a factor of 24279?
False
Is 235 a factor of 3439553?
False
Is 1159982 a multiple of 27?
False
Does 13 divide 420797?
True
Does 174 divide 11880956?
False
Does 6 divide 208512?
True
Does 364 divide 208322?
False
Does 126 divide 122153?
False
Does 10 divide 1346480?
True
Is 5417496 a multiple of 12?
True
Is 335807 a multiple of 370?
False
Is 492844 a multiple of 23?
True
Is 1457280 a multiple of 495?
True
Is 7 a factor of 121872?
False
Is 24271 a multiple of 13?
True
Does 107 divide 7414137?
True
Does 4 divide 52892?
True
Does 22 divide 190080?
True
Does 23 divide 178848?
True
Is 917 a factor of 1293887?
True
Is 225811 a multiple of 31?
False
Does 14 divide 92330?
True
Is 22 a factor of 2468875?
False
Does 331 divide 27033?
False
Does 251 divide 165724?
False
Is 65716 a multiple of 166?
False
Does 13 divide 813787?
True
Is 2082704 a multiple of 884?
True
Does 12 divide 78613?
False
Does 106 divide 146492?
True
Does 22 divide 28371684?
True
Is 646 a factor of 2165392?
True
Does 748 divide 227392?
True
Does 518 divide 1023050?
True
Is 215796 a multiple of 294?
True
Is 29 a factor of 3210387?
True
Is 9736575 a multiple of 60?
False
Is 11 a factor of 206272?
True
Is 33 a factor of 3504963?
True
Is 6 a factor of 851940?
True
Does 25 divide 109400?
True
Is 18 a factor of 48137?
False
Does 312 divide 2203344?
True
Is 4 a factor of 121764?
True
Is 258 a factor of 1548000?
True
Is 32 a factor of 15766?
False
Is 3564 a multiple of 27?
True
Is 1510250 a multiple of 250?
True
Is 4903248 a multiple of 23?
False
Does 39 divide 18408?
True
Is 196 a factor of 1018656?
False
Is 413700 a multiple of 12?
True
Does 9 divide 39644?
False
Is 128652 a multiple of 6?
True
Is 407510 a multiple of 281?
False
Is 46 a factor of 2754042?
False
Is 251 a factor of 1533369?
False
Is 11 a factor of 222374?
False
Does 85 divide 128180?
True
Does 62 divide 147250?
True
Is 375 a factor of 10190911?
False
Is 43120 a multiple of 77?
True
Is 3143260 a multiple of 65?
False
Does 5 divide 157107?
False
Is 11547104 a multiple of 29?
True
Does 138 divide 269344?
False
Does 63 divide 2541042?
True
Is 220243 a multiple of 11?
False
Is 15 a factor of 166886?
False
Does 43 divide 9811383?
False
Is 625136 a multiple of 439?
True
Does 80 divide 580654?
False
Does 40 divide 2479824?
False
Is 26 a factor of 12714?
True
Does 80 divide 1960401?
False
Is 33305 a multiple of 3?
False
Does 3 divide 38820?
True
Is 2096881 a multiple of 20?
False
Is 6172225 a multiple of 25?
True
Is 3210119 a multiple of 62?
False
Is 4282148 a multiple of 880?
False
Is 208074 a multiple of 10?
False
Is 216 a factor of 233703?
False
Is 2 a factor of 58344?
True
Is 6980768 a multiple of 36?
False
Is 54670 a multiple of 3?
False
Is 1950738 a multiple of 292?
False
Is 22 a factor of 418462?
True
Is 27 a factor of 39150?
True
Does 14 divide 21114?
False
Does 125 divide 91452?
False
Is 33 a factor of 4237326?
False
Is 2 a factor of 1254?
True
Is 27 a factor of 75276?
True
Is 861269 a multiple of 35?
False
Does 4 divide 24772?
True
Is 666 a factor of 61953?
False
Is 243 a factor of 3483162?
True
Does 21 divide 42462?
True
Is 3086417 a multiple of 61?
True
Does 66 divide 5287128?
True
Is 11055 a multiple of 2?
False
Is 40 a factor of 32245?
False
Is 17 a factor of 425943?
False
Does 205 divide 869610?
True
Is 179 a factor of 12704167?
True
Is 603354 a multiple of 31?
False
Is 5 a factor of 721281?
False
Is 1788 a fac